{"id":235,"date":"2020-02-15T13:06:09","date_gmt":"2020-02-15T13:06:09","guid":{"rendered":"http:\/\/sai-vital.de\/?page_id=235"},"modified":"2020-02-20T08:27:45","modified_gmt":"2020-02-20T08:27:45","slug":"camu-camu","status":"publish","type":"page","link":"https:\/\/sai-vital.de\/?page_id=235","title":{"rendered":"Camu Camu"},"content":{"rendered":"\n<div class=\"wp-block-columns has-2-columns is-layout-flex wp-container-core-columns-layout-1 wp-block-columns-is-layout-flex\">\n<div class=\"wp-block-column is-layout-flow wp-block-column-is-layout-flow\">\n<figure class=\"wp-block-image is-resized\"><img loading=\"lazy\" decoding=\"async\" src=\"http:\/\/sai-vital.de\/wp-content\/uploads\/2020\/02\/camucamu-1024x918.png\" alt=\"\" class=\"wp-image-213\" width=\"233\" height=\"208\" srcset=\"https:\/\/sai-vital.de\/wp-content\/uploads\/2020\/02\/camucamu-1024x918.png 1024w, https:\/\/sai-vital.de\/wp-content\/uploads\/2020\/02\/camucamu-300x269.png 300w, https:\/\/sai-vital.de\/wp-content\/uploads\/2020\/02\/camucamu-768x689.png 768w, https:\/\/sai-vital.de\/wp-content\/uploads\/2020\/02\/camucamu.png 1463w\" sizes=\"(max-width: 233px) 100vw, 233px\" \/><figcaption><a href=\"http:\/\/sai-vital.de\/?page_id=57\" target=\"_blank\" rel=\"noreferrer noopener\" aria-label=\"Hier bestellen (\u00f6ffnet in neuem Tab)\">Hier bestellen<\/a><\/figcaption><\/figure>\n\n\n\n<p><strong>Camu Camu \u2013 nat\u00fcrliches Vitamin C: <br><\/strong>das perfekte Gesundheitsmittel der Natur<br>Vitamin C ist nach Sauerstoff und Wasser der wichtigste Vitalstoff f\u00fcr unser Leben. Bereits vor 50<br>Jahren wurde entdeckt, dass hochdosiertes Vitamin hilfreich, <br>Herzleiden und einer Vielzahl infekti\u00f6ser und degenerativer Erkrankungen.<br>Weltweit stellt die Camu Camu Beere die konzentrierteste Form an nat\u00fcrlich vorkommendem Vitamin C dar, und enth\u00e4lt bis zu vierzig Mal mehr an diesem Vitamin als eine Orange. Die CamuCamu Frucht wird seit Jahrzehnten von Wissenschaftlern erforscht. Man wei\u00df, dass Camu Camu die weltweit beste Quelle von pflanzlichem Vitamin C ist. Daf\u00fcr ist die Frucht ber\u00fchmt. Im Gegensatz zu anderen isolierten Vitamin C Pr\u00e4paraten (insbesondere chemisch bzw. k\u00fcnstlich hergestellten), wirken die in Camu Camu enthaltenen Mineralien und Aminos\u00e4uren synergetisch, und erm\u00f6glichen somit dem K\u00f6rper eine optimale Vitamin C Aufnahme.<br><\/p>\n\n\n\n<p><strong>Frei von: <\/strong>Zucker, Salz, Gluten, Mais, Laktose, Milchprodukten, k\u00fcnstlichen Konservierungs-, Farb- oder Geschmackstoffen, genetisch modifizierten Inhaltsstoffen.<\/p>\n\n\n\n<p><\/p>\n<\/div>\n\n\n\n<div class=\"wp-block-column is-layout-flow wp-block-column-is-layout-flow\">\n<ul><li>Camu Camu als nat\u00fcrliches Vitamin C:<\/li><li>das antimikrobielle wie auch antitoxische Universalmittel \u2013 es neutralisiert viele Toxine<\/li><li>verbessert den Gem\u00fctszustand, sch\u00fctzt das Arteriensystem, u. a. die Herzkranzgef\u00e4\u00dfe, vor Verstopfungen<\/li><li>st\u00e4rkt das Immunsystem sowie die Sehkraft. Ist ein starkes Antioxidans<\/li><li>unterst\u00fctzt das Herz-Kreislauf-System und wirkt entz\u00fcndungshemmend<\/li><li>f\u00fcr gesunde Haut, Haare und N\u00e4gel \u2013 das perfekte Anti Aging Mittel<\/li><\/ul>\n\n\n\n<p>Die Gr\u00f6\u00dfe der Camu Camu Frucht entspricht circa der einer Kirsche, und beinhaltet neben einemnat\u00fcrlichen Gehalt an Bioflavonoiden und N\u00e4hrstoffen auch eine Vielzahl an Vitaminen und Antioxidantien. Das Vitamin stabilisiert die Membranstruktur der Haut, wird f\u00fcr die Neurotransmitter-Produktion ben\u00f6tigt (vor allem Serotonin) und st\u00e4rkt daher die Nervenfunktionen. Camu Camu ist eine bedeutende Quelle an Kalium, Kalzium, Mineralien und Aminos\u00e4uren. Die Frucht beinhaltet auch eine gro\u00dfe Bandbreite an Bioflavonoiden, Proteinen, Beta Carotin, Vitamin B1, B2 und B3. Ohne jegliche Pflanzenschutzmittel oder D\u00fcnger und biologisch nachhaltig angebaut, wachsen die f\u00fcr<\/p>\n\n\n\n<p>Camu Camu von Sai Vital verwendeten B\u00e4ume in ihrer nat\u00fcrlichen Umgebung im peruanischen Amazonasgebiet. Die Beeren werden bei niedriger Temperatur (35 bis 40 Grad) luftgetrocknet und unter kontrollierten Bedingungen zu Pulver verarbeitet. Hierbei entstehen aus 100 kg frischen Camu Camu Beeren jeweils 4.5 kg konzentriertes Frucht-pulver. Der Vitamin-C-Gehalt des Pulvers entspricht 12% und liegt somit in etwa bei 350 mg pro Teel\u00f6ffel. <br><strong>Einnahmeempfehlung:<\/strong> Camu Camu t\u00e4glich in Fl\u00fcssigkeit einr\u00fchren oder \u00fcber Speisen gestreut verzehren. Die Kombination mit OPC (Traubenkern) verst\u00e4rkt und verl\u00e4ngert die Wirkzeit von Vitamin C um ca. das Zehnfache. Nicht geeignet w\u00e4hrend der Schwangerschaft.<\/p>\n<\/div>\n<\/div>\n\n\n\n<p><strong>Wichtige Hinweise:<\/strong><\/p>\n\n\n\n<p>Die Ern\u00e4hrung sollte abwechslungsreich und \nausgewogen sein, denn der K\u00f6rper braucht Vitamine, Mineralstoffe, \nSpurenelemente und andere Vitalstoffe zur Erhaltung seiner \nLeistungsf\u00e4higkeit und Abwehrkraft. Nahrungserg\u00e4nzungsmittel sollen \nnicht als Ersatz f\u00fcr eine ausgewogene und abwechslungsreiche Ern\u00e4hrung \nund eine gesunde Lebensweise dienen, sind aber als Erg\u00e4nzung sinnvoll. \nAchten Sie auf eine abwechslungsreiche Ern\u00e4hrung und auf gen\u00fcgend \nBewegung. Eine Garantie oder ein Versprechen zur Besserung ihrer \nGesundheit und Wohlbefinden d\u00fcrfen wir nicht abgeben.&nbsp; Au\u00dferhalb der \nReichweite kleiner Kinder aufbewahren. K\u00fchl, trocken, lichtgesch\u00fctzt und\n gut verschlossen aufbewahren.<\/p>\n\n\n\n<p><em>Kapselmaterial: <\/em>pflanzliche Zellulose (HPMC), klar ohne Farbstoffe, ohne Aromastoffe, ohne Geschmacksveredler.<br>Unsere\n pharmazeutischen Vegi-Kapseln stammen aus hochwertiger \nQualit\u00e4tsproduktion. Sie sind frei von Schweinefleischsubstanzen und \nentsprechen den Koscher- und Halal- Bestimmungen. Frei von Laktose, \nKonservierungs- und Farbstoffen und f\u00fcr Diabetiker und Vegetarier \ngeeignet. Deutsche Lebensmittel Analyse liegt vor.<\/p>\n\n\n\n<p><strong>Die Produkte von Sai Vital sind FREI von:<\/strong><br>Sorbitol,\n Trennmittel, Konservierungsstoffen, Tr\u00e4gerstoffen, Hilfssubstanzen, \ngentechnisch ver\u00e4nderten Stoffen, k\u00fcnstlichen Geschmacksstoffen, Weizen,\n N\u00fcssen, Fruktose, Soja, Speisest\u00e4rke, Fisch Derivaten, Natrium, Hefe \nund Ei.<\/p>\n\n\n\n<p>Aufgrund Bundesdeutscher Gesetzeslage sind wir verpflichtet auf Folgendes hinzuweisen:<\/p>\n\n\n\n<p>Alle in unserem Shop angebotenen Produkte, \nunabh\u00e4ngig von deren 1A Qualit\u00e4t und Reinheit, werden von uns \nausschlie\u00dflich als Naturrohstoffe verkauft und als diese von Ihnen \nerworben.<br>Unsere Rohstoffe sind immer aus frischer Ernte und werden konstant gepr\u00fcft auf Qualit\u00e4t und Schadstoffe.<\/p>\n\n\n\n<p>Wir d\u00fcrfen Ihnen von Rechtswegen  bedauerlicherweise keine Informationen zur Anwendung geben.  Beschreibungen zu Historie, Herkunft und traditioneller Bedeutung  unserer Naturrohstoffe stellen wir Ihnen in den Artikelbeschreibungen  dennoch zur Verf\u00fcgung, denn wir m\u00f6chten diese Sch\u00e4tze der Natur mit  Ihnen teilen.  Vielen Dank f\u00fcr Ihr Verst\u00e4ndnis.<\/p>\n\n\n\n<p>\u00a9 Sai Vital<\/p>\n\n\n\n<p><strong><em>Abmahnungen<\/em><\/strong><\/p>\n\n\n\n<p><em>Eine Abmahnung ohne vorherigen Kontakt wird  unter Bezug auf \u00a7 8 Abs. 4 UWG nicht akzeptiert. Im Falle, dass  irgendein Inhalt, das Design einzelner Seiten, Bilder oder Grafiken  Rechte Dritter oder gesetzliche Bestimmungen verletzen oder ber\u00fchren  oder anderweitig in irgendeiner Form wettbewerbsrechtliche Probleme  hervorbringen k\u00f6nnten, erwarten wir unverz\u00fcglich eine angemessene und  ausreichend erl\u00e4uternde Nachricht ohne Kostennote an info@Sai-Vital.com oder im Impressum angegebene Adresse.<\/em><\/p>\n\n\n\n<p><em>Wir werden dann unverz\u00fcglich sicherstellen, \ndass die ggf. zu Recht beanstandeten Passagen, Bilder oder Inhalte der \nWebsite&nbsp;sofort entfernt und\/oder an die rechtlichen und gesetzlichen \nVorgaben in vollem Umfang angepasst werden.<\/em><\/p>\n\n\n\n<p><em>Eine Einschaltung eines Rechtsbeistandes von\n Ihrer Seite aus ist nicht erforderlich. Die zeitaufw\u00e4ndigere \nEinschaltung eines Anwaltes oder Abmahnvereins zur Erwirkung einer f\u00fcr \nuns kostenpflichtigen Abmahnung oder Rechnungsstellung f\u00fcr \nLizenzgeb\u00fchren wegen Urheberrechtsverletzungen entspricht nicht dem \ntats\u00e4chlichen oder mutma\u00dflichen Willen und wird daher nicht akzeptiert.<\/em><\/p>\n","protected":false},"excerpt":{"rendered":"<p>Camu Camu \u2013 nat\u00fcrliches Vitamin C: das perfekte Gesundheitsmittel der NaturVitamin C ist nach Sauerstoff und Wasser der wichtigste Vitalstoff f\u00fcr unser Leben. Bereits vor 50Jahren wurde entdeckt, dass hochdosiertes Vitamin hilfreich, Herzleiden und einer Vielzahl infekti\u00f6ser und degenerativer Erkrankungen.Weltweit stellt die Camu Camu Beere die konzentrierteste Form an nat\u00fcrlich vorkommendem Vitamin C dar, und &hellip; <\/p>\n<p class=\"link-more\"><a href=\"https:\/\/sai-vital.de\/?page_id=235\" class=\"more-link\"><span class=\"screen-reader-text\">\u201eCamu Camu\u201c <\/span>weiterlesen<\/a><\/p>\n","protected":false},"author":1,"featured_media":0,"parent":0,"menu_order":0,"comment_status":"closed","ping_status":"closed","template":"","meta":{"footnotes":""},"_links":{"self":[{"href":"https:\/\/sai-vital.de\/index.php?rest_route=\/wp\/v2\/pages\/235"}],"collection":[{"href":"https:\/\/sai-vital.de\/index.php?rest_route=\/wp\/v2\/pages"}],"about":[{"href":"https:\/\/sai-vital.de\/index.php?rest_route=\/wp\/v2\/types\/page"}],"author":[{"embeddable":true,"href":"https:\/\/sai-vital.de\/index.php?rest_route=\/wp\/v2\/users\/1"}],"replies":[{"embeddable":true,"href":"https:\/\/sai-vital.de\/index.php?rest_route=%2Fwp%2Fv2%2Fcomments&post=235"}],"version-history":[{"count":12,"href":"https:\/\/sai-vital.de\/index.php?rest_route=\/wp\/v2\/pages\/235\/revisions"}],"predecessor-version":[{"id":341,"href":"https:\/\/sai-vital.de\/index.php?rest_route=\/wp\/v2\/pages\/235\/revisions\/341"}],"wp:attachment":[{"href":"https:\/\/sai-vital.de\/index.php?rest_route=%2Fwp%2Fv2%2Fmedia&parent=235"}],"curies":[{"name":"wp","href":"https:\/\/api.w.org\/{rel}","templated":true}]}}