{"id":253,"date":"2020-02-15T13:24:28","date_gmt":"2020-02-15T13:24:28","guid":{"rendered":"http:\/\/sai-vital.de\/?page_id=253"},"modified":"2020-02-20T08:29:14","modified_gmt":"2020-02-20T08:29:14","slug":"kraeuterbitter","status":"publish","type":"page","link":"https:\/\/sai-vital.de\/?page_id=253","title":{"rendered":"Kr\u00e4uterbitter"},"content":{"rendered":"\n<div class=\"wp-block-columns has-2-columns is-layout-flex wp-container-core-columns-layout-1 wp-block-columns-is-layout-flex\">\n<div class=\"wp-block-column is-layout-flow wp-block-column-is-layout-flow\">\n<figure class=\"wp-block-image is-resized\"><img loading=\"lazy\" decoding=\"async\" src=\"http:\/\/sai-vital.de\/wp-content\/uploads\/2020\/02\/Kra\u0308uterbitter-gro\u00df-1-606x1024.png\" alt=\"\" class=\"wp-image-294\" width=\"205\" height=\"346\" srcset=\"https:\/\/sai-vital.de\/wp-content\/uploads\/2020\/02\/Kra\u0308uterbitter-gro\u00df-1-606x1024.png 606w, https:\/\/sai-vital.de\/wp-content\/uploads\/2020\/02\/Kra\u0308uterbitter-gro\u00df-1-177x300.png 177w, https:\/\/sai-vital.de\/wp-content\/uploads\/2020\/02\/Kra\u0308uterbitter-gro\u00df-1-768x1299.png 768w, https:\/\/sai-vital.de\/wp-content\/uploads\/2020\/02\/Kra\u0308uterbitter-gro\u00df-1.png 945w\" sizes=\"(max-width: 205px) 100vw, 205px\" \/><figcaption><a href=\"http:\/\/sai-vital.de\/?page_id=57\" target=\"_blank\" rel=\"noreferrer noopener\" aria-label=\"Hier bestellen (\u00f6ffnet in neuem Tab)\">Hier bestellen<\/a><\/figcaption><\/figure>\n\n\n\n<p>&nbsp;<strong>Der Kr\u00e4uterbitter<\/strong><br>nach Maria Treben <br>und Hildegard von Bingen&nbsp;<br>Der Schwedenbitter bzw. <strong>Kr\u00e4uterbitter <\/strong>von <strong>Sai-Vital <\/strong>kann sowohl \u00e4u\u00dferlich als auch innerlich verwendet werden. Ihn sollte man <em>immer verd\u00fcnnt <\/em>einnehmen.&nbsp;<\/p>\n\n\n\n<p><strong>Innerliche Verwendung&nbsp;<\/strong><br>Innerlich zur Vorbeugung nimmt man nach Angabe der \u201eAlten Handschrift\u201c morgens und abends je einen Teel\u00f6ffel Original Schwedenbitter verd\u00fcnnt. Bei Unp\u00e4sslichkeiten jeder Art k\u00f6nnen 3 Tee-l\u00f6ffel verd\u00fcnnt genommen werden. Bei stark eingeschr\u00e4nktem Wohlbefinden bew\u00e4hren sich 2 bis 3 Essl\u00f6ffel t\u00e4glich wie folgt eingenommen: je 1 Essl\u00f6ffel trinkt man verd\u00fcnnt mit 1\/8 Liter Kr\u00e4utertee oder Wasser verteilt auf eine halbe Stunde vor und eine halbe Stunde nach einer Mahlzeit.&nbsp;<br>Die Bitterstoffe helfen Ihre Gesundheit zu erhalten. Sie sind auch sehr f\u00f6rderlich bei vielen Leiden und bewahren vor Schlaflosigkeit, Abgespanntheit, Niedergeschlagenheit und vielem mehr.&nbsp;<\/p>\n<\/div>\n\n\n\n<div class=\"wp-block-column is-layout-flow wp-block-column-is-layout-flow\">\n<p>Traditionell benutzt man Zubereitungen aus Schwedenkr\u00e4utern zur Linderung und Steigerung des Wohlbefindens z.B. bei:&nbsp;<\/p>\n\n\n\n<ul><li>Magen-\/Darmbeschwerden&nbsp;<\/li><li>Appetitlosigkeit&nbsp;<\/li><li>Neurodermitis&nbsp;<\/li><li>Muskel- und Gelenkschmerzen&nbsp;<\/li><li>Zuf\u00fchrung von f\u00fcr die im menschlichen K\u00f6rper dringend ben\u00f6tigten Bitterstoffen&nbsp;<\/li><\/ul>\n\n\n\n<p>Weitere Verwendungsm\u00f6glichkeiten finden Sie im Buch \u201eGesundheit aus der Apotheke Gottes\u201c von Maria Treben.\u00a0<\/p>\n\n\n\n<p>Aufgrund der EU Verordnung 1924\/2006 m\u00fcssen wir einen grossen Teil  unserer Produktinformationen \u00fcberarbeiten. F\u00fcr die meisten  Nahrungserg\u00e4nzungsmittel und Kr\u00e4uter sind nur noch sehr eingeschr\u00e4nkte  Aussagen zul\u00e4ssig. Bitte informieren Sie sich \u00fcber die einschl\u00e4gige  Fachliteratur oder im Internet <\/p>\n<\/div>\n<\/div>\n\n\n\n<p><strong>Wichtige Hinweise:<\/strong><\/p>\n\n\n\n<p>Die Ern\u00e4hrung sollte abwechslungsreich und  ausgewogen sein, denn der K\u00f6rper braucht Vitamine, Mineralstoffe,  Spurenelemente und andere Vitalstoffe zur Erhaltung seiner  Leistungsf\u00e4higkeit und Abwehrkraft.  Achten Sie auf eine abwechslungsreiche Ern\u00e4hrung und auf gen\u00fcgend  Bewegung. Eine Garantie oder ein Versprechen zur Besserung ihrer  Gesundheit und Wohlbefinden d\u00fcrfen wir nicht abgeben.&nbsp; Au\u00dferhalb der  Reichweite kleiner Kinder aufbewahren. K\u00fchl, trocken, lichtgesch\u00fctzt und  gut verschlossen aufbewahren.<\/p>\n\n\n\n<p><em>Verzehrempfehlung: Bitte beachten Sie die Hinweise auf der Dose.<\/em><em> Die empfohlene Tagesdosis soll nicht \u00fcberschritten werden.<\/em> Vorsicht bei Allergien auf einen der enthaltenen Bestandteile.<\/p>\n\n\n\n<p><strong>Die Produkte von Sai Vital sind FREI von:<\/strong><br>Sorbitol,\n Trennmittel, Konservierungsstoffen, Tr\u00e4gerstoffen, Hilfssubstanzen, \ngentechnisch ver\u00e4nderten Stoffen, k\u00fcnstlichen Geschmacksstoffen, Weizen,\n N\u00fcssen, Fruktose, Soja, Speisest\u00e4rke, Fisch Derivaten, Natrium, Hefe \nund Ei.<\/p>\n\n\n\n<p>Aufgrund Bundesdeutscher Gesetzeslage sind wir verpflichtet auf Folgendes hinzuweisen:<\/p>\n\n\n\n<p>Alle in unserem Shop angebotenen Produkte, \nunabh\u00e4ngig von deren 1A Qualit\u00e4t und Reinheit, werden von uns \nausschlie\u00dflich als Naturrohstoffe verkauft und als diese von Ihnen \nerworben.<br>Unsere Rohstoffe sind immer aus frischer Ernte und werden konstant gepr\u00fcft auf Qualit\u00e4t und Schadstoffe.<\/p>\n\n\n\n<p>Wir d\u00fcrfen Ihnen von Rechtswegen  bedauerlicherweise keine Informationen zur Anwendung geben.  Beschreibungen zu Historie, Herkunft und traditioneller Bedeutung  unserer Naturrohstoffe stellen wir Ihnen in den Artikelbeschreibungen  dennoch zur Verf\u00fcgung, denn wir m\u00f6chten diese Sch\u00e4tze der Natur mit  Ihnen teilen. Vielen Dank f\u00fcr Ihr Verst\u00e4ndnis.<\/p>\n\n\n\n<p>\u00a9 Sai Vital<\/p>\n\n\n\n<p><strong><em>Abmahnungen<\/em><\/strong><\/p>\n\n\n\n<p><em>Eine Abmahnung ohne vorherigen Kontakt wird  unter Bezug auf \u00a7 8 Abs. 4 UWG nicht akzeptiert. Im Falle, dass  irgendein Inhalt, das Design einzelner Seiten, Bilder oder Grafiken  Rechte Dritter oder gesetzliche Bestimmungen verletzen oder ber\u00fchren  oder anderweitig in irgendeiner Form wettbewerbsrechtliche Probleme  hervorbringen k\u00f6nnten, erwarten wir unverz\u00fcglich eine angemessene und  ausreichend erl\u00e4uternde Nachricht ohne Kostennote an info@Sai-Vital.com oder im Impressum angegebene Adresse.<\/em><\/p>\n\n\n\n<p><em>Wir werden dann unverz\u00fcglich sicherstellen, \ndass die ggf. zu Recht beanstandeten Passagen, Bilder oder Inhalte der \nWebsite&nbsp;sofort entfernt und\/oder an die rechtlichen und gesetzlichen \nVorgaben in vollem Umfang angepasst werden.<\/em><\/p>\n\n\n\n<p><em>Eine Einschaltung eines Rechtsbeistandes von\n Ihrer Seite aus ist nicht erforderlich. Die zeitaufw\u00e4ndigere \nEinschaltung eines Anwaltes oder Abmahnvereins zur Erwirkung einer f\u00fcr \nuns kostenpflichtigen Abmahnung oder Rechnungsstellung f\u00fcr \nLizenzgeb\u00fchren wegen Urheberrechtsverletzungen entspricht nicht dem \ntats\u00e4chlichen oder mutma\u00dflichen Willen und wird daher nicht akzeptiert.<\/em><\/p>\n","protected":false},"excerpt":{"rendered":"<p>&nbsp;Der Kr\u00e4uterbitternach Maria Treben und Hildegard von Bingen&nbsp;Der Schwedenbitter bzw. Kr\u00e4uterbitter von Sai-Vital kann sowohl \u00e4u\u00dferlich als auch innerlich verwendet werden. Ihn sollte man immer verd\u00fcnnt einnehmen.&nbsp; Innerliche Verwendung&nbsp;Innerlich zur Vorbeugung nimmt man nach Angabe der \u201eAlten Handschrift\u201c morgens und abends je einen Teel\u00f6ffel Original Schwedenbitter verd\u00fcnnt. Bei Unp\u00e4sslichkeiten jeder Art k\u00f6nnen 3 Tee-l\u00f6ffel verd\u00fcnnt &hellip; <\/p>\n<p class=\"link-more\"><a href=\"https:\/\/sai-vital.de\/?page_id=253\" class=\"more-link\"><span class=\"screen-reader-text\">\u201eKr\u00e4uterbitter\u201c <\/span>weiterlesen<\/a><\/p>\n","protected":false},"author":1,"featured_media":0,"parent":0,"menu_order":0,"comment_status":"closed","ping_status":"closed","template":"","meta":{"footnotes":""},"_links":{"self":[{"href":"https:\/\/sai-vital.de\/index.php?rest_route=\/wp\/v2\/pages\/253"}],"collection":[{"href":"https:\/\/sai-vital.de\/index.php?rest_route=\/wp\/v2\/pages"}],"about":[{"href":"https:\/\/sai-vital.de\/index.php?rest_route=\/wp\/v2\/types\/page"}],"author":[{"embeddable":true,"href":"https:\/\/sai-vital.de\/index.php?rest_route=\/wp\/v2\/users\/1"}],"replies":[{"embeddable":true,"href":"https:\/\/sai-vital.de\/index.php?rest_route=%2Fwp%2Fv2%2Fcomments&post=253"}],"version-history":[{"count":10,"href":"https:\/\/sai-vital.de\/index.php?rest_route=\/wp\/v2\/pages\/253\/revisions"}],"predecessor-version":[{"id":342,"href":"https:\/\/sai-vital.de\/index.php?rest_route=\/wp\/v2\/pages\/253\/revisions\/342"}],"wp:attachment":[{"href":"https:\/\/sai-vital.de\/index.php?rest_route=%2Fwp%2Fv2%2Fmedia&parent=253"}],"curies":[{"name":"wp","href":"https:\/\/api.w.org\/{rel}","templated":true}]}}