{"id":61,"date":"2020-02-08T15:16:57","date_gmt":"2020-02-08T15:16:57","guid":{"rendered":"http:\/\/sai-vital.de\/?page_id=61"},"modified":"2020-02-20T08:38:15","modified_gmt":"2020-02-20T08:38:15","slug":"klinoptilolith","status":"publish","type":"page","link":"https:\/\/sai-vital.de\/?page_id=61","title":{"rendered":"Klinoptilolith"},"content":{"rendered":"\n<div class=\"wp-block-columns has-2-columns is-layout-flex wp-container-core-columns-layout-1 wp-block-columns-is-layout-flex\">\n<div class=\"wp-block-column is-layout-flow wp-block-column-is-layout-flow\">\n<figure class=\"wp-block-image is-resized\"><img loading=\"lazy\" decoding=\"async\" src=\"http:\/\/sai-vital.de\/wp-content\/uploads\/2020\/02\/Klinop.png\" alt=\"\" class=\"wp-image-42\" width=\"356\" height=\"344\"\/><figcaption><a href=\"http:\/\/sai-vital.de\/?page_id=57\" target=\"_blank\" rel=\"noreferrer noopener\" aria-label=\"Hier bestellen (\u00f6ffnet in neuem Tab)\">Hier bestellen<\/a><\/figcaption><\/figure>\n\n\n\n<p>Klinoptilolith ist ein Natur-Zeolith-Mineral vulkanischer Herkunft. SAI-      VITAL Klinoptilolith wird in einem besonderen Verfahren zu ultra-feinem Puder zermahlen wodurch sich die Bio-verf\u00fcgbarkeit und damit die positive Wirkung signi\ufb01kant erh\u00f6ht. Es wirkt durch seine waben\u00e4hnliche Kristallstruktur (\u201eK\u00e4\ufb01g\u201c) als Ionenaus-tauscher; Das Molek\u00fcl gibt eine hohe Dosis an Sauerstoffatomen ab, die das Gehirn mit Sauerstoff versorgen. Zus\u00e4tzlich werden Schadstoffe und insbesondere \u201efreie Radikale\u201c gebunden und ausgeleitet. Das Kristallgitter des Sai-Vital Klinoptilolith hat mit 0,4 Nano-meter genau die richtige Gr\u00f6\u00dfe, um Schwermetalle und Ammonium-Verbindungen im Darm zu binden \u2013 dies entlastet die Nieren und die Leber.<br>Von den frei werdenden Sauerstoff-atomen pro\ufb01tieren nicht nur Spitzen-sportler, es steigert die geistige und k\u00f6rperliche Leistungsf\u00e4higkeit im Alltag.<br> <br>N\u00e4heres zu Klinoptilolith lesen Sie bitte auch in Ver\u00f6ffentlichungen und B\u00fcchern von Prof. em. Karl Hecht (Humboldt Universit\u00e4t Berlin). So schreibt er:<\/p>\n\n\n\n<p>Zeolith ist ein basisches Vulkangestein und damit ein 100 %iges Naturmineral mit einem Klinoptilolith Anteil zwischen 90-95%. Es wird mittels eines Spezial-verfahrens extrafein bzw. ultrafein so vermahlen, dass die hohe selektive Saugkraft zwecks Schwammwirkung bzw. Molekularsiebwirkung zur Reini-gung, Entgiftung und Entschlackung erhalten bleibt. Die Einzigartigkeit von Zeolith liegt in der ungew\u00f6hnlichen Kristallstruktur, die es erm\u00f6glicht, Substanzen im festen, fl\u00fcssigen und gasf\u00f6rmigen Zustand aufzufangen. Die negative Ladung von Zeolithgibt ihm die F\u00e4higkeit, verschiedene Substanzen, wie z.B. Schwermetalle, Toxine und die Radioaktivit\u00e4t aus der Umwelt und Atmosph\u00e4re zu absorbieren. Als Meister der Entgiftung bindet Zeolith Schad-stoffe, Umweltgifte und belastende Schwermetalle und f\u00fchrt diese der Ausscheidung zu. Dar\u00fcber hinaus bleiben die basischen Mineralien, insbesondere\u00a0 Silizium bzw. Kiesels\u00e4ure, Calcium, Magnesium, Eisen, Kalium in kolloidaler Form erhalten. Das bedeutet, dass diese die Darmschleimhaut passieren k\u00f6nnen und somit dem K\u00f6rper zur Verf\u00fcgung stehen.<br> <br><strong>Informieren Sie sich im Internet weiter \u00fcber Zeolith, Klinoptilolith, Heilerde Detox Entgiftung und Entschlackung<\/strong><\/p>\n<\/div>\n\n\n\n<div class=\"wp-block-column is-layout-flow wp-block-column-is-layout-flow\">\n<p><strong>SAI-VITAL P-Klinoptilolith ist ein nat\u00fcrliches Gesteinsmineral, ein Multitalent mit vielen positiven Eigenschaften f\u00fcr K\u00f6rper und Geist.<\/strong><\/p>\n\n\n\n<ul><li><strong>Unterst\u00fctzt das Immunsystem<\/strong><\/li><li><strong>Macht \ufb01t durch mehr Sauerstoff und entgiftet gleichzeitig<\/strong><\/li><li><strong>Auch in gro\u00dfen Mengen gut bek\u00f6mmlich ohne bekannte unerw\u00fcnschte Nebenwirkungen;<\/strong><\/li><li><strong>Reste werden ausgeschieden<br>Regelt den S\u00e4ure-Basen Haushalt und bindet freie Radikale gleicht Silizium-Mangel aus<\/strong><\/li><li><strong>Verbessert die Bioverf\u00fcgbarkeit von Enzymen, Mineralstoffen, Spuren-elementen und Vitaminen im Darm<\/strong><\/li><li><strong>Senkt die Nebenwirkungen von Chemotherapeutika und chemischen Pharmazeutika<\/strong><\/li><li><strong>Bindet Metalle und Metallionen, aber auch Anionen<\/strong><\/li><li><strong>Bindet und entfernt strahlen-belastende Elemente (Caesium und Strontium)<\/strong><\/li><li><strong>Reguliert die Funktion des Kreislaufs, des Nervensystems, des Verdauungssystems und der Nieren<\/strong><\/li><li><strong>St\u00e4rkt Knochen und Knorpel und hemmt die Abnutzung der Gelenkknorpel<\/strong><\/li><li><strong>Entlastet das Bindegewebe und erh\u00f6ht dessen Elastizit\u00e4t<\/strong><\/li><li><strong>Erh\u00f6ht die Elastizit\u00e4t der Blut-gef\u00e4\u00dfe, hemmt die Kalzi\ufb01zierung und beugt Arteriosklerose vor<\/strong><\/li><li><strong>Stabilisiert den Blutzuckerspiegel, mindert Blutzucker-Spitzen<\/strong><\/li><li><strong>Unterst\u00fctzt den Zellstoffwechsel, stabilisiert die Zellmembran<\/strong><\/li><li><strong>Bessert den psychischen Status durch Aufhellung der Stimmung<\/strong><\/li><\/ul>\n<\/div>\n<\/div>\n\n\n\n<p><strong>Wichtige Hinweise:<\/strong><\/p>\n\n\n\n<p>Die Ern\u00e4hrung sollte abwechslungsreich und  ausgewogen sein, denn der K\u00f6rper braucht Vitamine, Mineralstoffe,  Spurenelemente und andere Vitalstoffe zur Erhaltung seiner  Leistungsf\u00e4higkeit und Abwehrkraft. Nahrungserg\u00e4nzungsmittel sollen  nicht als Ersatz f\u00fcr eine ausgewogene und abwechslungsreiche Ern\u00e4hrung  und eine gesunde Lebensweise dienen, sind aber als Erg\u00e4nzung sinnvoll.  Achten Sie auf eine abwechslungsreiche Ern\u00e4hrung und auf gen\u00fcgend  Bewegung. Eine Garantie oder ein Versprechen zur Besserung ihrer  Gesundheit und Wohlbefinden d\u00fcrfen wir nicht abgeben.&nbsp; Au\u00dferhalb der  Reichweite kleiner Kinder aufbewahren. K\u00fchl, trocken, lichtgesch\u00fctzt und  gut verschlossen aufbewahren.<\/p>\n\n\n\n<p>Das Natur-Zeolith Klinoptilolith ist in der Europ\u00e4ischen Union als Zusatzstoff in der Tierern\u00e4hrung f\u00fcr alle Tierarten zugelassen, und wird mit E567 und E568 bezeichnet. Dieses kostbare Geschenk der Natur darf somit in der EU nicht auf dem Produkt selbst mit einer Verzehrmenge empfohlen werden<\/p>\n\n\n\n<p><em>Kapselmaterial: <\/em>pflanzliche Zellulose (HPMC), klar ohne Farbstoffe, ohne Aromastoffe, ohne Geschmacksveredler.<br>Unsere\n pharmazeutischen Vegi-Kapseln stammen aus hochwertiger \nQualit\u00e4tsproduktion. Sie sind frei von Schweinefleischsubstanzen und \nentsprechen den Koscher- und Halal- Bestimmungen. Frei von Laktose, \nKonservierungs- und Farbstoffen und f\u00fcr Diabetiker und Vegetarier \ngeeignet. Deutsche Lebensmittel Analyse liegt vor.<\/p>\n\n\n\n<p><strong>Die Produkte von Sai Vital sind FREI von:<\/strong><br>Sorbitol,\n Trennmittel, Konservierungsstoffen, Tr\u00e4gerstoffen, Hilfssubstanzen, \ngentechnisch ver\u00e4nderten Stoffen, k\u00fcnstlichen Geschmacksstoffen, Weizen,\n N\u00fcssen, Fruktose, Soja, Speisest\u00e4rke, Fisch Derivaten, Natrium, Hefe \nund Ei.<\/p>\n\n\n\n<p>Aufgrund Bundesdeutscher Gesetzeslage sind wir verpflichtet auf Folgendes hinzuweisen:<\/p>\n\n\n\n<p>Alle in unserem Shop angebotenen Produkte, \nunabh\u00e4ngig von deren 1A Qualit\u00e4t und Reinheit, werden von uns \nausschlie\u00dflich als Naturrohstoffe verkauft und als diese von Ihnen \nerworben.<br>Unsere Rohstoffe sind immer aus frischer Ernte und werden konstant gepr\u00fcft auf Qualit\u00e4t und Schadstoffe.<\/p>\n\n\n\n<p>Wir d\u00fcrfen Ihnen von Rechtswegen  bedauerlicherweise keine Informationen zur Anwendung geben.  Beschreibungen zu Historie, Herkunft und traditioneller Bedeutung  unserer Naturrohstoffe stellen wir Ihnen in den Artikelbeschreibungen  dennoch zur Verf\u00fcgung, denn wir m\u00f6chten diese Sch\u00e4tze der Natur mit  Ihnen teilen.  Vielen Dank f\u00fcr Ihr Verst\u00e4ndnis.<\/p>\n\n\n\n<p>\u00a9 Sai Vital<\/p>\n\n\n\n<p><strong><em>Abmahnungen<\/em><\/strong><\/p>\n\n\n\n<p><em>Eine Abmahnung ohne vorherigen Kontakt wird  unter Bezug auf \u00a7 8 Abs. 4 UWG nicht akzeptiert. Im Falle, dass  irgendein Inhalt, das Design einzelner Seiten, Bilder oder Grafiken  Rechte Dritter oder gesetzliche Bestimmungen verletzen oder ber\u00fchren  oder anderweitig in irgendeiner Form wettbewerbsrechtliche Probleme  hervorbringen k\u00f6nnten, erwarten wir unverz\u00fcglich eine angemessene und  ausreichend erl\u00e4uternde Nachricht ohne Kostennote an info@Sai-Vital.com oder im Impressum angegebene Adresse.<\/em><\/p>\n\n\n\n<p><em>Wir werden dann unverz\u00fcglich sicherstellen, \ndass die ggf. zu Recht beanstandeten Passagen, Bilder oder Inhalte der \nWebsite&nbsp;sofort entfernt und\/oder an die rechtlichen und gesetzlichen \nVorgaben in vollem Umfang angepasst werden.<\/em><\/p>\n\n\n\n<p><em>Eine Einschaltung eines Rechtsbeistandes von\n Ihrer Seite aus ist nicht erforderlich. Die zeitaufw\u00e4ndigere \nEinschaltung eines Anwaltes oder Abmahnvereins zur Erwirkung einer f\u00fcr \nuns kostenpflichtigen Abmahnung oder Rechnungsstellung f\u00fcr \nLizenzgeb\u00fchren wegen Urheberrechtsverletzungen entspricht nicht dem \ntats\u00e4chlichen oder mutma\u00dflichen Willen und wird daher nicht akzeptiert.<\/em><\/p>\n","protected":false},"excerpt":{"rendered":"<p>Klinoptilolith ist ein Natur-Zeolith-Mineral vulkanischer Herkunft. SAI- VITAL Klinoptilolith wird in einem besonderen Verfahren zu ultra-feinem Puder zermahlen wodurch sich die Bio-verf\u00fcgbarkeit und damit die positive Wirkung signi\ufb01kant erh\u00f6ht. Es wirkt durch seine waben\u00e4hnliche Kristallstruktur (\u201eK\u00e4\ufb01g\u201c) als Ionenaus-tauscher; Das Molek\u00fcl gibt eine hohe Dosis an Sauerstoffatomen ab, die das Gehirn mit Sauerstoff versorgen. Zus\u00e4tzlich werden &hellip; <\/p>\n<p class=\"link-more\"><a href=\"https:\/\/sai-vital.de\/?page_id=61\" class=\"more-link\"><span class=\"screen-reader-text\">\u201eKlinoptilolith\u201c <\/span>weiterlesen<\/a><\/p>\n","protected":false},"author":1,"featured_media":0,"parent":0,"menu_order":0,"comment_status":"closed","ping_status":"closed","template":"","meta":{"footnotes":""},"_links":{"self":[{"href":"https:\/\/sai-vital.de\/index.php?rest_route=\/wp\/v2\/pages\/61"}],"collection":[{"href":"https:\/\/sai-vital.de\/index.php?rest_route=\/wp\/v2\/pages"}],"about":[{"href":"https:\/\/sai-vital.de\/index.php?rest_route=\/wp\/v2\/types\/page"}],"author":[{"embeddable":true,"href":"https:\/\/sai-vital.de\/index.php?rest_route=\/wp\/v2\/users\/1"}],"replies":[{"embeddable":true,"href":"https:\/\/sai-vital.de\/index.php?rest_route=%2Fwp%2Fv2%2Fcomments&post=61"}],"version-history":[{"count":23,"href":"https:\/\/sai-vital.de\/index.php?rest_route=\/wp\/v2\/pages\/61\/revisions"}],"predecessor-version":[{"id":343,"href":"https:\/\/sai-vital.de\/index.php?rest_route=\/wp\/v2\/pages\/61\/revisions\/343"}],"wp:attachment":[{"href":"https:\/\/sai-vital.de\/index.php?rest_route=%2Fwp%2Fv2%2Fmedia&parent=61"}],"curies":[{"name":"wp","href":"https:\/\/api.w.org\/{rel}","templated":true}]}}